{"id":209,"date":"2012-10-08T22:49:35","date_gmt":"2012-10-08T20:49:35","guid":{"rendered":"http:\/\/www.reguvia.de\/reguvia\/?page_id=209"},"modified":"2021-02-27T18:30:17","modified_gmt":"2021-02-27T16:30:17","slug":"schusler-salze","status":"publish","type":"page","link":"https:\/\/www.reguvia.de\/reguvia\/therapien\/schusler-salze\/","title":{"rendered":"Sch\u00fc\u00dfler &#8211; Salze"},"content":{"rendered":"<p><strong><a href=\"http:\/\/www.reguvia.de\/reguvia\/wp-content\/uploads\/2012\/09\/20120627_212221.jpg\"><img loading=\"lazy\" class=\"alignnone size-thumbnail wp-image-146\" title=\"20120627_212221\" src=\"http:\/\/www.reguvia.de\/reguvia\/wp-content\/uploads\/2012\/09\/20120627_212221-150x150.jpg\" alt=\"\" width=\"150\" height=\"150\"><\/a><\/strong><\/p>\n<p><strong>Biochemie \/ Dr.Sch\u00fc\u00dfler-Salze&nbsp;&nbsp;&nbsp;&nbsp;&nbsp;&nbsp;&nbsp;&nbsp;&nbsp;&nbsp;&nbsp;&nbsp;&nbsp;&nbsp;&nbsp;&nbsp;&nbsp;&nbsp;&nbsp;&nbsp;&nbsp;&nbsp;&nbsp;&nbsp;&nbsp;&nbsp;&nbsp;&nbsp; <\/strong><\/p>\n<p><strong>&nbsp;<\/strong><\/p>\n<h1><span style=\"text-decoration: underline;\">Biochemie:<\/span><\/h1>\n<h1>\u201eBios\u201c bedeutet soviel wie Leben und \u201eChemie\u201c die Wissenschaft der Elemente. Das biochemische Heilverfahren gr\u00fcndet sich auf die physiologisch-chemischen Vorg\u00e4nge, die sich im Organismus vollziehen. Die Entwicklung und Verbreitung der Biochemie erfolgte international.<\/h1>\n<p>Vor weit mehr als 100 Jahren entdeckte Dr. Sch\u00fc\u00dfler, dass Krankheiten entstehen k\u00f6nnen, wenn der Mineralstoffhaushalt der Zellen gest\u00f6rt ist. &nbsp;Dr. Sch\u00fc\u00dfler gr\u00fcndete seine Therapie auf insgesamt 12 Mineralsalze, die er als &#8222;Funktionsmittel&#8220; bezeichnete. Der Grund hierf\u00fcr: Sie erf\u00fcllen wesentliche Funktionen in unserem K\u00f6rper und sind geeignet, eine Vielzahl von Funktionsst\u00f6rungen zu beseitigen. In der Zeit nach Dr. Sch\u00fc\u00dfler entdeckte man noch 12 weitere Salze, die eine wichtige Rolle im Mineralstoffhaushalt der Zellen spielen. Diese Salze verfeinern und erg\u00e4nzen die Behandlung mit den Funktionsmitteln 1-12. Sie werden folgerichtig &#8222;Erg\u00e4nzungsmittel&#8220; genannt und mit den Nummern 13-24 bezeichnet.<br \/>\nDie Mineralstoffe werden dem K\u00f6rper so dargereicht, dass er Sie direkt aufnehmen und verwerten kann. Die dazu notwendige Verd\u00fcnnung wird durch das Potenzieren in Dezimalschritten erreicht. Erg\u00e4nzend zu den Salzen Nr.1-11 in Tablettenform gibt es auch Salben. Die Begleitung schwerwiegender St\u00f6rungen und Behandlung chronischer Prozesse sollten fachlich beraten werden.<\/p>\n<p>&nbsp;<\/p>\n<p><strong><span style=\"text-decoration: underline;\">Mineralstoffspeicher im K\u00f6rper<\/span><\/strong><\/p>\n<p>Jeder Mensch hat einen permanenten Bedarf an Mineralstoffen. Es gibt Menschen, die mit einer guten Ausstattung auf die Welt kamen und \u00fcber vollwertige Ern\u00e4hrung und angepasste Lebensweise sich dem unterschiedlichen Bedarf gut anpassen.<\/p>\n<p>Sofern dieser Bedarf nicht andauernd gedeckt ist, erleiden diese Personen ein sekund\u00e4res Defizit. Menschen, die von Geburt an nicht ausreichend ausgestattet waren und durch mangelnde Versorgung St\u00f6rungen erleiden, erleiden ein Prim\u00e4res Defizit.<\/p>\n<p>Mit den Sch\u00fc\u00dfler-Salzen haben Sie die M\u00f6glckeit das vorhandene Defizit auszugleichen und die Versorgung des laufenden Bedarfs gezielt zu decken.<\/p>\n<p>Man unterscheidet verschiedene Speicherformen der Mineralstoffe im K\u00f6rper. Der Betriebsspeicher ist f\u00fcr den normalen Ablauf der K\u00f6rperfunktionen von Bedeutung. In Belastungssituationen m\u00fcssen \u00fcber den normalen Bedarf hinaus Mineralstoffe zur Verf\u00fcgung stehen. Dies wirkt als Puffer. Wenn der laufende Bedarf nicht gedeckt werden kann, baut der K\u00f6rper MInerastoffe aus seinem Langzeitspeicher ab. Dies betrifft meist chronische Prozesse.<\/p>\n<p>Der K\u00f6rper nutzt die zugef\u00fchrten Mineralstoffe gem\u00e4\u00df der hierarchischen Notwendigkeit Wenn im K\u00f6rper verdeckte St\u00f6rungen vorhanden sind, bedarf es sehr viel Geduld und einer ausreichend hohen Zufuhr, damit alle Bereiche versorgt werden und auch die Speicher wieder gef\u00fcllt werden k\u00f6nnen.<\/p>\n<p>&nbsp;<\/p>\n<p><strong><span style=\"text-decoration: underline;\">Die Antlitzdiagnose<\/span><\/strong><\/p>\n<p>Der Aufforderung Sch\u00fc\u00dflers, eine Antlitzdiagnose zu entwickeln, kam Dr. Kurt Hickethier (1891 \u2013 1958) nach. Er fand f\u00fcr 11 Mineralstoffverbindungen Anzeichen im Gesicht. Mit seinen B\u00fcchern \u201eLehrbuch der Antlitzdiagnose\u201cund \u201eLehrbuch der Biochemie\u201c leistete er einen ma\u00dfgeblichen Beitrag zur Weiterentwicklung der Biochemie nach Sch\u00fc\u00dfler.<\/p>\n<p>Es wird auf Glanz, F\u00e4rbungen, Strukturen und Falten der Gesichtshaut sowie Ver\u00e4nderungen im Gesicht geachtet.<\/p>\n<p>Die Antlitzdiagnose ist eine hervorragende M\u00f6glichkeit, den Bedarf an Mineralstoffen exakter zu bestimmen und verborgene Defizite zu erkennen. Sie wird genutzt in der Gesundheitsprophylaxe und den akuten Bedarf zu erkennen.<\/p>\n<p>&nbsp;<\/p>\n<p>&nbsp;<\/p>\n<p>&nbsp;<\/p>\n","protected":false},"excerpt":{"rendered":"<p>Biochemie \/ Dr.Sch\u00fc\u00dfler-Salze&nbsp;&nbsp;&nbsp;&nbsp;&nbsp;&nbsp;&nbsp;&nbsp;&nbsp;&nbsp;&nbsp;&nbsp;&nbsp;&nbsp;&nbsp;&nbsp;&nbsp;&nbsp;&nbsp;&nbsp;&nbsp;&nbsp;&nbsp;&nbsp;&nbsp;&nbsp;&nbsp;&nbsp; &nbsp; Biochemie: \u201eBios\u201c bedeutet soviel wie Leben und \u201eChemie\u201c die Wissenschaft der Elemente. Das biochemische Heilverfahren gr\u00fcndet sich auf die physiologisch-chemischen Vorg\u00e4nge, die sich im Organismus vollziehen. Die Entwicklung und Verbreitung der Biochemie erfolgte international. Vor weit mehr als 100 Jahren entdeckte Dr. Sch\u00fc\u00dfler, dass Krankheiten entstehen k\u00f6nnen, wenn der Mineralstoffhaushalt der &hellip; <a href=\"https:\/\/www.reguvia.de\/reguvia\/therapien\/schusler-salze\/\" class=\"more-link\"><span class=\"screen-reader-text\">Sch\u00fc\u00dfler &#8211; Salze<\/span> weiterlesen <span class=\"meta-nav\">&rarr;<\/span><\/a><\/p>\n","protected":false},"author":1,"featured_media":0,"parent":62,"menu_order":5,"comment_status":"closed","ping_status":"closed","template":"template-fullwidth.php","meta":{"ngg_post_thumbnail":0},"_links":{"self":[{"href":"https:\/\/www.reguvia.de\/reguvia\/wp-json\/wp\/v2\/pages\/209"}],"collection":[{"href":"https:\/\/www.reguvia.de\/reguvia\/wp-json\/wp\/v2\/pages"}],"about":[{"href":"https:\/\/www.reguvia.de\/reguvia\/wp-json\/wp\/v2\/types\/page"}],"author":[{"embeddable":true,"href":"https:\/\/www.reguvia.de\/reguvia\/wp-json\/wp\/v2\/users\/1"}],"replies":[{"embeddable":true,"href":"https:\/\/www.reguvia.de\/reguvia\/wp-json\/wp\/v2\/comments?post=209"}],"version-history":[{"count":9,"href":"https:\/\/www.reguvia.de\/reguvia\/wp-json\/wp\/v2\/pages\/209\/revisions"}],"predecessor-version":[{"id":612,"href":"https:\/\/www.reguvia.de\/reguvia\/wp-json\/wp\/v2\/pages\/209\/revisions\/612"}],"up":[{"embeddable":true,"href":"https:\/\/www.reguvia.de\/reguvia\/wp-json\/wp\/v2\/pages\/62"}],"wp:attachment":[{"href":"https:\/\/www.reguvia.de\/reguvia\/wp-json\/wp\/v2\/media?parent=209"}],"curies":[{"name":"wp","href":"https:\/\/api.w.org\/{rel}","templated":true}]}}