{"id":28,"date":"2012-07-16T17:48:53","date_gmt":"2012-07-16T15:48:53","guid":{"rendered":"http:\/\/localhost\/reguvia\/?page_id=28"},"modified":"2021-01-22T15:46:58","modified_gmt":"2021-01-22T13:46:58","slug":"offnungszeiten","status":"publish","type":"page","link":"https:\/\/www.reguvia.de\/reguvia\/praxis\/offnungszeiten\/","title":{"rendered":"\u00d6ffnungszeiten \/ Termine"},"content":{"rendered":"<p>&nbsp;<\/p>\n<p>&nbsp;<\/p>\n<ul>\n<li>Montag 8 &#8211; 17 Uhr<\/li>\n<li>Dienstag&nbsp;8 &#8211;&nbsp;20 Uhr<\/li>\n<li>Mittwoch 8 &#8211; 17 Uhr<\/li>\n<li>Donnerstag 8 &#8211;&nbsp;20 Uhr<\/li>\n<li>Freitag 8 &#8211; 17 Uhr<\/li>\n<li>Samstag 10 &#8211; 14 Uhr<\/li>\n<li>weitere Termine nach Vereinbarung m\u00f6glich<\/li>\n<\/ul>\n<p>Bitte vereinbaren Sie Termine vorab pers\u00f6nlich, per eMail an&nbsp;<span style=\"color: #ff0000;\">&nbsp;info@reguvia<\/span>.<span style=\"color: #ff0000;\">de<\/span> oder telefonisch unter <span style=\"color: #ff0000;\">0172-3520894<\/span>, damit ich ausreichend Zeit f\u00fcr ein ausf\u00fchrliches und ungest\u00f6rtes Anamnesegepr\u00e4ch sowie anschlie\u00dfender Diagnostik und Therapie mit Ihnen einplanen kann.<\/p>\n<p>Au\u00dferhalb meiner Sprechzeiten k\u00f6nnen Sie mir gern eine Nachricht auf meinem Anrufbeantworter hinterlassen oder mir eine Nachricht per eMail hinterlassen. Ich melde mich baldm\u00f6glich bei Ihnen.<\/p>\n<p>Vielen Dank!<\/p>\n<p>&nbsp;<\/p>\n<p><strong>Termin-Anfrage:&nbsp; &nbsp;<\/strong><\/p>\n<p>Mit dem folgenden Formular k\u00f6nnen Sie eine Termin Anfragen in meiner Praxis stellen. Ich bem\u00fche mich so schnell wie m\u00f6glich Ihre Anfrage zu beantworten.<\/p>\n<p>[contact-form-7 id=&#8220;361&#8243; title=&#8220;Kontakformular&#8220;]<\/p>\n","protected":false},"excerpt":{"rendered":"<p>&nbsp; &nbsp; Montag 8 &#8211; 17 Uhr Dienstag&nbsp;8 &#8211;&nbsp;20 Uhr Mittwoch 8 &#8211; 17 Uhr Donnerstag 8 &#8211;&nbsp;20 Uhr Freitag 8 &#8211; 17 Uhr Samstag 10 &#8211; 14 Uhr weitere Termine nach Vereinbarung m\u00f6glich Bitte vereinbaren Sie Termine vorab pers\u00f6nlich, per eMail an&nbsp;&nbsp;info@reguvia.de oder telefonisch unter 0172-3520894, damit ich ausreichend Zeit f\u00fcr ein ausf\u00fchrliches und &hellip; <a href=\"https:\/\/www.reguvia.de\/reguvia\/praxis\/offnungszeiten\/\" class=\"more-link\"><span class=\"screen-reader-text\">\u00d6ffnungszeiten \/ Termine<\/span> weiterlesen <span class=\"meta-nav\">&rarr;<\/span><\/a><\/p>\n","protected":false},"author":1,"featured_media":0,"parent":25,"menu_order":2,"comment_status":"closed","ping_status":"closed","template":"template-fullwidth.php","meta":{"ngg_post_thumbnail":0},"_links":{"self":[{"href":"https:\/\/www.reguvia.de\/reguvia\/wp-json\/wp\/v2\/pages\/28"}],"collection":[{"href":"https:\/\/www.reguvia.de\/reguvia\/wp-json\/wp\/v2\/pages"}],"about":[{"href":"https:\/\/www.reguvia.de\/reguvia\/wp-json\/wp\/v2\/types\/page"}],"author":[{"embeddable":true,"href":"https:\/\/www.reguvia.de\/reguvia\/wp-json\/wp\/v2\/users\/1"}],"replies":[{"embeddable":true,"href":"https:\/\/www.reguvia.de\/reguvia\/wp-json\/wp\/v2\/comments?post=28"}],"version-history":[{"count":34,"href":"https:\/\/www.reguvia.de\/reguvia\/wp-json\/wp\/v2\/pages\/28\/revisions"}],"predecessor-version":[{"id":590,"href":"https:\/\/www.reguvia.de\/reguvia\/wp-json\/wp\/v2\/pages\/28\/revisions\/590"}],"up":[{"embeddable":true,"href":"https:\/\/www.reguvia.de\/reguvia\/wp-json\/wp\/v2\/pages\/25"}],"wp:attachment":[{"href":"https:\/\/www.reguvia.de\/reguvia\/wp-json\/wp\/v2\/media?parent=28"}],"curies":[{"name":"wp","href":"https:\/\/api.w.org\/{rel}","templated":true}]}}